Suppose -2*z = -4*n - 32, 4*n = -3*z - 2*z - 4. What is the tens digit of 8/n*276/(-8)?
4
Let m(q) = 5*q**2 + 7*q**2 - 2 - 5*q**2 - 2*q**2. Let d be m(2). Suppose 0 = -j + d - 4. What is the tens digit of j?
1
Suppose -4*o = 15 - 7, -3*o - 17631 = -5*f. What is the thousands digit of f?
3
Let i = -36 + 55. What is the units digit of i?
9
Suppose 0 = -38*a - 23944 + 70646. What is the tens digit of a?
2
What is the units digit of 30/80 + (-19221)/(-8)?
3
Suppose 2*g = -2*g - 68. Let w = g + 17. Suppose w = 2*o - 32 - 2. What is the units digit of o?
7
What is the thousands digit of (-2)/(7 - (-92)/(-12)) + 1095?
1
What is the hundreds digit of ((-1000)/(2 - -3))/(-1 - 0)?
2
Suppose -6 + 2 = 2*h. Let j be h/(-1 - (-24)/28). Suppose -w - 2*r + j = -18, -5*w - 5*r + 140 = 0. What is the tens digit of w?
2
Let m(o) = -4*o - 7. Let w(p) = -5*p - 8. Let h(j) = -6*m(j) + 5*w(j). Let v be h(-2). Suppose 0 = v*l - 21 + 1. What is the units digit of l?
5
Let l(z) = 48*z**3 + 18*z**2 - 50*z - 8. What is the thousands digit of l(4)?
3
Let d be 7*4/(-70)*(-2 + 32). Suppose -4*m + 11 = 2*t + 3, -m = 5*t + 16. What is the units digit of (15/d - -3)*m?
7
Let s = -169 - -79. Let z = 216 + s. What is the units digit of z?
6
Suppose -4*n - 4*n + 32 = 0. Suppose -14 + 198 = n*s. What is the tens digit of s?
4
What is the units digit of ((-570)/7)/((-23)/161)?
0
Suppose 166 = s + n, 5*s - 1362 + 516 = 3*n. What is the hundreds digit of s?
1
Let h(v) = -v**2 + 16*v - 13. Let m be h(15). Let d(a) = m*a**2 - 1 + 0*a**2 + 4*a - a**2. What is the tens digit of d(-9)?
4
Suppose -260*p = -262*p + 1780. Suppose 2*c = -2*h - h + p, 5*c = -25. What is the units digit of h?
0
Suppose -2*y = 3*y - 3*t - 3, -5*t = 5. Suppose y = 8*j - 4*j + 24. What is the units digit of (-2)/12 + (-37)/j?
6
Let x(d) = -d**2 + 10*d - 13. Let y be x(7). Suppose 7*z - 140 = 3*z - 4*o, 0 = -4*o - y. What is the tens digit of z?
3
Suppose 2*s - 46 = 40. Suppose t - 15 = -2*u, 3*u + 13 = -2*t + s. What is the tens digit of 56/32*(1 + t)?
2
Suppose 5*l - 16 = 4*o - 4, -l + o = -3. Suppose 6*r - 480 - 570 = l. What is the hundreds digit of r?
1
Suppose t - 5*s - 5 = 0, 2*t - 10 = -3*s + s. Suppose t*f = 10*f - 30. What is the units digit of f?
6
Let j be ((-170)/(-4) - 1)*(0 - 2). Let s = 17 - j. What is the hundreds digit of s?
1
Let n = -212 - -970. What is the units digit of n?
8
Let k = -1544 - -2605. What is the thousands digit of k?
1
Suppose 2*i - 320 = 3*h - 2*i, -4*i + 528 = -5*h. Let z = 183 + h. What is the tens digit of z?
7
Let p(w) be the second derivative of w**5/20 - 17*w**4/12 + 23*w**3/6 - w**2/2 + 9*w. What is the units digit of p(16)?
1
Let q(k) = k**2 - 4 + 14*k - 4 + k**2 - k**2. Let h be q(-15). Let f = h + 17. What is the units digit of f?
4
Let v = 548 + -389. Suppose 25 = 2*j - v. What is the units digit of j?
2
Let l = -123 + 260. What is the hundreds digit of l?
1
What is the hundreds digit of (-14)/133 - 44928/(-114)?
3
Suppose -66 = 3*i - 0*i. Let c = -23 - i. What is the units digit of (c - -2) + -3 + 48?
6
Let w be (1 + (-3)/3)*1. Suppose -3*p - 216 = -2*k, w = -3*k - 0*p - p + 313. What is the tens digit of k?
0
Suppose 95*k - 164592 = 23*k. What is the hundreds digit of k?
2
What is the hundreds digit of ((-207)/(-45) - 5) + 7684/10?
7
Suppose 0 = -f - 2*c - 3*c + 589, -f = -c - 613. What is the hundreds digit of f?
6
Let g = 3436 + -2269. What is the units digit of g?
7
Let i(p) = p**3 + 2*p**2 - 3*p. Let j be i(-3). Suppose j = -4*r + 9 + 3. What is the tens digit of r - (2/(-1) - 41)?
4
Let g = 24 + -28. Let v be g - (14 + 2)/(-4). What is the units digit of (v - (-96)/9)*6?
4
Suppose 700 = 9*t + 16*t. What is the tens digit of t?
2
Suppose -4*v = -2*n - 36, 3*v - n - 10 = 17. Let q = v + -9. Suppose 5*t - 7*t + 28 = q. What is the units digit of t?
4
Let k(b) = -b**3 + 26*b**2 + 86*b - 35. What is the tens digit of k(28)?
0
Suppose 11 = 2*q - 29. Let a be (-30)/q - 22/(-4). Suppose 0 = -0*v - a*v + 48. What is the units digit of v?
2
Suppose 0 = 4*o + 41 - 13. Let r = -3 - o. Suppose -58 = -3*v + v + r*n, 0 = -5*v + 3*n + 152. What is the tens digit of v?
3
Suppose -q = -25 + 23. What is the units digit of q*2/(-16) - 813/(-4)?
3
Suppose 0 = -p - 0*p - w + 17, -3*p - 2*w = -47. Suppose -152 = 9*x - p*x. What is the tens digit of x?
3
Let v be ((-9)/(-3) - 6) + -1. Let w be 0 - 1*12/v. What is the tens digit of w/18 - 155/(-6)?
2
Let z = -9 + 11. Suppose -4*n = z*q - 26, n + 2 = 2*n - q. Suppose -2*f = -3*u - 28, -n*u - 14 = -f - u. What is the tens digit of f?
1
Suppose -4*x = -d + 419, 857 = 3*d - 3*x - 391. What is the hundreds digit of d?
4
Let x be -2*3/(-24)*-4. What is the units digit of (29 - x)/((-15)/(-10))?
0
Let s = 17 - -177. What is the units digit of s?
4
Suppose 3063 + 561 = 6*y. What is the units digit of y?
4
Let w = -3 + 5. Suppose 2*h = 2*r + 5*h - 41, 3*r + w*h - 69 = 0. What is the tens digit of r?
2
Let c(m) = -m**2 + 7*m - 5. Let g be c(5). Suppose -v = -2*v + 3*r + g, -3*v + r = -7. Suppose -10 = -a + i, 2*a + 0*a - 28 = -v*i. What is the tens digit of a?
1
Let z(v) = -v**3 + 11*v**2 + v + 1. Let w be z(11). Let s be 190/w + (-2)/(-12). What is the units digit of -1 + (0 + s)/2?
7
Suppose -2*o + 2*i = -367 - 359, 8 = -2*i. What is the tens digit of o?
5
Suppose 0*u = -2*u - 2, 2*v - 4*u - 10426 = 0. What is the tens digit of v?
1
Let z(d) = 2*d**3 + 2*d**2 - 132*d - 6. What is the units digit of z(14)?
6
Let k be 22/5 - (-4)/(-10). Suppose k*a + 139 = 5*c, -4*c - a + 103 = 4*a. What is the units digit of c?
7
Let o(u) = -6*u - 43. Let v be o(-23). Let c = 241 - v. What is the units digit of c?
6
Let f be -5 + 228/18 + 4/(-6). Suppose -f*g = -4*g - 138. What is the tens digit of g?
4
Let o = 34 + -12. Let n = o + -9. What is the units digit of n?
3
Suppose 86*d - a - 4805 = 81*d, 0 = 5*d - 4*a - 4805. What is the hundreds digit of d?
9
Let p = 1177 + 850. What is the units digit of p?
7
Let t = 20 + -18. Suppose 45 = 3*k - 3*s, s - t = 1. Suppose 0 = -6*w + 9*w - k. What is the units digit of w?
6
Let l(o) = -o**3 - 23*o**2 - 7*o - 14. Suppose -2*v - 9 - 37 = 0. What is the hundreds digit of l(v)?
1
Let a = -58 + 58. Suppose 6*s + 3*l = s + 487, a = 2*s - 5*l - 201. What is the units digit of s?
8
Let a(c) = -3*c**3 - c**2 + 3*c + 36. What is the tens digit of a(-6)?
3
Suppose -2*b = -2*v + 924, -3*v + 1250 = -b - 142. What is the tens digit of v?
6
What is the units digit of (13 - 11)/((-6)/(-618))?
6
Suppose 0 = -11*x + 5553 + 5348. What is the tens digit of x?
9
Let i(n) = -n + 10. Let r be i(5). Suppose r*v - 51 = 834. What is the hundreds digit of v?
1
Let y = 41 + -5. Let j = y - -125. What is the units digit of j?
1
Let l(s) = s + 6. Let j be l(0). Let a(x) be the first derivative of x**4/4 - 2*x**3 + 5*x**2/2 + 2*x - 26. What is the units digit of a(j)?
2
Suppose -5776 = -2*c - 4*u, -21*u = -2*c - 16*u + 5821. What is the tens digit of c?
9
Let a(b) = -2*b + 6. Let v(p) = -3*p + 6. Let r(i) = -4*a(i) + 3*v(i). Let g be r(-6). Suppose g = -t - 3*t + 4. What is the units digit of t?
1
Let i(g) = -2*g**2 - 10*g - 5. Let c be i(-4). Suppose 6*h = -c*n + 4*h + 17, -4*n + 4*h = 4. What is the units digit of n?
3
Let o(s) = 69*s - 127. What is the thousands digit of o(64)?
4
Let u = -348 + 574. What is the tens digit of u?
2
What is the thousands digit of (-3295)/(75/(-85) - (-14)/(-119))?
3
Suppose 2*f - 12 = -4*f. Suppose -f*v + 2*s = -48, v + s + 80 = 4*v. What is the tens digit of v?
2
Let y be 4/(-6) - 80/(-30). Suppose -y*h + 2 + 46 = 0. Suppose -3*x + 9 = -h. What is the tens digit of x?
1
Let v(r) = 2*r**3 + 58*r**2 + 28*r - 22. What is the hundreds digit of v(-28)?
7
Let o(y) = 13*y - 2. Let k(h) = -h**3 - 19*h**2 - h - 16. Let g be k(-19). Let p be o(g). Suppose 8 = 3*m - p. What is the tens digit of m?
1
Suppose -11*n = -9*n + 78. Let p be (-2)/15 + n/45. Let v(l) = -52*l**3 - l**2 + l + 1. What is the tens digit of v(p)?
5
Let d be -2 + 1 - 2 - -7. Suppose -d*z + 32 = -8*z. What is the units digit of (-115)/(-6) + z/48?
9
Let b be 4/(-6)*(-561)/34. Let j(s) = 7*s - 13*s + s**2 + 10*s - b. What is the tens digit of j(-9)?
3
Let a(j) = -2*j**3 - 3*j**2 - 9*j + 3. Let r be a(6). Let s be ((-32)/12)/(2/r). What is the tens digi